{"id":139,"date":"2013-02-08T20:43:25","date_gmt":"2013-02-08T18:43:25","guid":{"rendered":"http:\/\/kunstunddesign-maschue.de\/cms\/?page_id=139"},"modified":"2024-08-30T15:40:01","modified_gmt":"2024-08-30T13:40:01","slug":"uber-mich","status":"publish","type":"page","link":"http:\/\/kunstunddesign-maschue.de\/cms\/?page_id=139","title":{"rendered":"\u00fcber mich"},"content":{"rendered":"<p>Ende der 1970er Jahren erblickte ich das Licht der Welt. Nach erfolgreichem Schulabschlu\u00df erlernte ich den Beruf der Glas- und Keramikmalerin bei der Firma W. Goebel GmbH in R\u00f6dental. Als Jahrgangsbeste war ich mehrere Jahre in der Malerei, Spritzerei und \u00fcber ein Jahr in der Restaurationsabteilung t\u00e4tig. Im Jahr 2007 wagte ich den Schritt, als freiberufliche K\u00fcnstlerin durchzustarten. Seit einigen Jahren bin ich Mitglied im Airbrushfachverband. Meine Kenntnisse festigte ich in vielen Seminaren u.a. bei Lars Oschatz, Marissa Oosterlee, Andras Bathory, Steve Vandemon, Holger Schmidt und Daniel Schubert, und unter anderem absolvierte ich 4 Jahre lang die Akademie bei Frank Herterich in Schweinfurt. Seit nunmehr fast 18 Jahren pflastern meterlange bemalte Fassaden W\u00e4nde, viele versch\u00f6nerte Innenw\u00e4nde, eindrucksvolle Gem\u00e4lde und viele stilvolle Deko-Objekte meinen k\u00fcnstlerischen Weg.<\/p>\n<p>Ich arbeite haupts\u00e4chlich mit der Airbrushpistole in Kombination mit der Spraydose.<br \/>Gestalte Innen- und Au\u00dfenw\u00e4nde, erstelle Custom Paintings sowie Body- und Facepaintings. Dabei entstehen individuelle und unverwechselbare Unikate.<\/p>\n<h2>Mit Herzblut bei der Arbeit&#8230;<\/h2>\n\n\t\t<style type=\"text\/css\">\n\t\t\t#gallery-1 {\n\t\t\t\tmargin: auto;\n\t\t\t}\n\t\t\t#gallery-1 .gallery-item {\n\t\t\t\tfloat: left;\n\t\t\t\tmargin-top: 10px;\n\t\t\t\ttext-align: center;\n\t\t\t\twidth: 33%;\n\t\t\t}\n\t\t\t#gallery-1 img {\n\t\t\t\tborder: 2px solid #cfcfcf;\n\t\t\t}\n\t\t\t#gallery-1 .gallery-caption {\n\t\t\t\tmargin-left: 0;\n\t\t\t}\n\t\t\t\/* see gallery_shortcode() in wp-includes\/media.php *\/\n\t\t<\/style>\n\t\t<div id='gallery-1' class='gallery galleryid-139 gallery-columns-3 gallery-size-thumbnail'><dl class='gallery-item'>\n\t\t\t<dt class='gallery-icon landscape'>\n\t\t\t\t<a href='http:\/\/kunstunddesign-maschue.de\/cms\/wp-content\/uploads\/2013\/02\/PhotoGrid_1489860965146-e1489927112857.png'><img width=\"150\" height=\"150\" src=\"http:\/\/kunstunddesign-maschue.de\/cms\/wp-content\/uploads\/2013\/02\/PhotoGrid_1489860965146-150x150.png\" class=\"attachment-thumbnail size-thumbnail\" alt=\"\" decoding=\"async\" loading=\"lazy\" \/><\/a>\n\t\t\t<\/dt><\/dl><dl class='gallery-item'>\n\t\t\t<dt class='gallery-icon portrait'>\n\t\t\t\t<a href='http:\/\/kunstunddesign-maschue.de\/cms\/wp-content\/uploads\/2013\/02\/IMG_20150609_195022.jpg'><img width=\"150\" height=\"150\" src=\"http:\/\/kunstunddesign-maschue.de\/cms\/wp-content\/uploads\/2013\/02\/IMG_20150609_195022-150x150.jpg\" class=\"attachment-thumbnail size-thumbnail\" alt=\"\" decoding=\"async\" loading=\"lazy\" \/><\/a>\n\t\t\t<\/dt><\/dl><dl class='gallery-item'>\n\t\t\t<dt class='gallery-icon landscape'>\n\t\t\t\t<a href='http:\/\/kunstunddesign-maschue.de\/cms\/wp-content\/uploads\/2013\/02\/IMG_9966-e1538389270806.jpg'><img width=\"150\" height=\"150\" src=\"http:\/\/kunstunddesign-maschue.de\/cms\/wp-content\/uploads\/2013\/02\/IMG_9966-150x150.jpg\" class=\"attachment-thumbnail size-thumbnail\" alt=\"\" decoding=\"async\" loading=\"lazy\" \/><\/a>\n\t\t\t<\/dt><\/dl><br style=\"clear: both\" \/><dl class='gallery-item'>\n\t\t\t<dt class='gallery-icon portrait'>\n\t\t\t\t<a href='http:\/\/kunstunddesign-maschue.de\/cms\/wp-content\/uploads\/2019\/01\/PhotoEditor_20190111_182230632-1-e1548421335612.jpg'><img width=\"150\" height=\"150\" src=\"http:\/\/kunstunddesign-maschue.de\/cms\/wp-content\/uploads\/2019\/01\/PhotoEditor_20190111_182230632-1-150x150.jpg\" class=\"attachment-thumbnail size-thumbnail\" alt=\"\" decoding=\"async\" loading=\"lazy\" \/><\/a>\n\t\t\t<\/dt><\/dl><dl class='gallery-item'>\n\t\t\t<dt class='gallery-icon landscape'>\n\t\t\t\t<a href='http:\/\/kunstunddesign-maschue.de\/cms\/wp-content\/uploads\/2021\/07\/3-scaled.jpg'><img width=\"150\" height=\"150\" src=\"http:\/\/kunstunddesign-maschue.de\/cms\/wp-content\/uploads\/2021\/07\/3-150x150.jpg\" class=\"attachment-thumbnail size-thumbnail\" alt=\"\" decoding=\"async\" loading=\"lazy\" \/><\/a>\n\t\t\t<\/dt><\/dl><dl class='gallery-item'>\n\t\t\t<dt class='gallery-icon landscape'>\n\t\t\t\t<a href='http:\/\/kunstunddesign-maschue.de\/cms\/wp-content\/uploads\/2021\/09\/IMG_2079-scaled.jpg'><img width=\"150\" height=\"150\" src=\"http:\/\/kunstunddesign-maschue.de\/cms\/wp-content\/uploads\/2021\/09\/IMG_2079-150x150.jpg\" class=\"attachment-thumbnail size-thumbnail\" alt=\"\" decoding=\"async\" loading=\"lazy\" \/><\/a>\n\t\t\t<\/dt><\/dl><br style=\"clear: both\" \/><dl class='gallery-item'>\n\t\t\t<dt class='gallery-icon landscape'>\n\t\t\t\t<a href='http:\/\/kunstunddesign-maschue.de\/cms\/wp-content\/uploads\/2013\/02\/IMG-20170805-WA0009.jpg'><img width=\"150\" height=\"150\" src=\"http:\/\/kunstunddesign-maschue.de\/cms\/wp-content\/uploads\/2013\/02\/IMG-20170805-WA0009-150x150.jpg\" class=\"attachment-thumbnail size-thumbnail\" alt=\"\" decoding=\"async\" loading=\"lazy\" \/><\/a>\n\t\t\t<\/dt><\/dl><dl class='gallery-item'>\n\t\t\t<dt class='gallery-icon landscape'>\n\t\t\t\t<a href='http:\/\/kunstunddesign-maschue.de\/cms\/wp-content\/uploads\/2013\/02\/IMG_0182.jpg'><img width=\"150\" height=\"150\" src=\"http:\/\/kunstunddesign-maschue.de\/cms\/wp-content\/uploads\/2013\/02\/IMG_0182-150x150.jpg\" class=\"attachment-thumbnail size-thumbnail\" alt=\"\" decoding=\"async\" loading=\"lazy\" \/><\/a>\n\t\t\t<\/dt><\/dl><dl class='gallery-item'>\n\t\t\t<dt class='gallery-icon landscape'>\n\t\t\t\t<a href='http:\/\/kunstunddesign-maschue.de\/cms\/wp-content\/uploads\/2022\/05\/8.jpg'><img width=\"150\" height=\"150\" src=\"http:\/\/kunstunddesign-maschue.de\/cms\/wp-content\/uploads\/2022\/05\/8-150x150.jpg\" class=\"attachment-thumbnail size-thumbnail\" alt=\"\" decoding=\"async\" loading=\"lazy\" srcset=\"http:\/\/kunstunddesign-maschue.de\/cms\/wp-content\/uploads\/2022\/05\/8-150x150.jpg 150w, http:\/\/kunstunddesign-maschue.de\/cms\/wp-content\/uploads\/2022\/05\/8-300x300.jpg 300w, http:\/\/kunstunddesign-maschue.de\/cms\/wp-content\/uploads\/2022\/05\/8-1024x1024.jpg 1024w, http:\/\/kunstunddesign-maschue.de\/cms\/wp-content\/uploads\/2022\/05\/8-768x768.jpg 768w, http:\/\/kunstunddesign-maschue.de\/cms\/wp-content\/uploads\/2022\/05\/8.jpg 1080w\" sizes=\"(max-width: 150px) 100vw, 150px\" \/><\/a>\n\t\t\t<\/dt><\/dl><br style=\"clear: both\" \/><dl class='gallery-item'>\n\t\t\t<dt class='gallery-icon portrait'>\n\t\t\t\t<a href='http:\/\/kunstunddesign-maschue.de\/cms\/wp-content\/uploads\/2013\/02\/IMG_5410-e1552544756551.jpg'><img width=\"150\" height=\"150\" src=\"http:\/\/kunstunddesign-maschue.de\/cms\/wp-content\/uploads\/2013\/02\/IMG_5410-e1524128140779-150x150.jpg\" class=\"attachment-thumbnail size-thumbnail\" alt=\"\" decoding=\"async\" loading=\"lazy\" \/><\/a>\n\t\t\t<\/dt><\/dl><dl class='gallery-item'>\n\t\t\t<dt class='gallery-icon portrait'>\n\t\t\t\t<a href='http:\/\/kunstunddesign-maschue.de\/cms\/wp-content\/uploads\/2019\/01\/PhotoEditor_20181219_223904487-e1548421375647.jpg'><img width=\"150\" height=\"150\" src=\"http:\/\/kunstunddesign-maschue.de\/cms\/wp-content\/uploads\/2019\/01\/PhotoEditor_20181219_223904487-150x150.jpg\" class=\"attachment-thumbnail size-thumbnail\" alt=\"\" decoding=\"async\" loading=\"lazy\" \/><\/a>\n\t\t\t<\/dt><\/dl><dl class='gallery-item'>\n\t\t\t<dt class='gallery-icon landscape'>\n\t\t\t\t<a href='http:\/\/kunstunddesign-maschue.de\/cms\/wp-content\/uploads\/2013\/02\/PhotoGrid_1442163795451.jpg'><img width=\"150\" height=\"150\" src=\"http:\/\/kunstunddesign-maschue.de\/cms\/wp-content\/uploads\/2013\/02\/PhotoGrid_1442163795451-150x150.jpg\" class=\"attachment-thumbnail size-thumbnail\" alt=\"\" decoding=\"async\" loading=\"lazy\" srcset=\"http:\/\/kunstunddesign-maschue.de\/cms\/wp-content\/uploads\/2013\/02\/PhotoGrid_1442163795451-150x150.jpg 150w, http:\/\/kunstunddesign-maschue.de\/cms\/wp-content\/uploads\/2013\/02\/PhotoGrid_1442163795451-300x300.jpg 300w, http:\/\/kunstunddesign-maschue.de\/cms\/wp-content\/uploads\/2013\/02\/PhotoGrid_1442163795451.jpg 720w\" sizes=\"(max-width: 150px) 100vw, 150px\" \/><\/a>\n\t\t\t<\/dt><\/dl><br style=\"clear: both\" \/><dl class='gallery-item'>\n\t\t\t<dt class='gallery-icon portrait'>\n\t\t\t\t<a href='http:\/\/kunstunddesign-maschue.de\/cms\/wp-content\/uploads\/2013\/02\/BEI-DER-ARBEIT..jpg'><img width=\"150\" height=\"150\" src=\"http:\/\/kunstunddesign-maschue.de\/cms\/wp-content\/uploads\/2013\/02\/BEI-DER-ARBEIT.-150x150.jpg\" class=\"attachment-thumbnail size-thumbnail\" alt=\"\" decoding=\"async\" loading=\"lazy\" \/><\/a>\n\t\t\t<\/dt><\/dl><dl class='gallery-item'>\n\t\t\t<dt class='gallery-icon landscape'>\n\t\t\t\t<a href='http:\/\/kunstunddesign-maschue.de\/cms\/wp-content\/uploads\/2013\/02\/BEI-DER-ARBEIT1.png'><img width=\"150\" height=\"150\" src=\"http:\/\/kunstunddesign-maschue.de\/cms\/wp-content\/uploads\/2013\/02\/BEI-DER-ARBEIT1-150x150.png\" class=\"attachment-thumbnail size-thumbnail\" alt=\"\" decoding=\"async\" loading=\"lazy\" \/><\/a>\n\t\t\t<\/dt><\/dl><dl class='gallery-item'>\n\t\t\t<dt class='gallery-icon portrait'>\n\t\t\t\t<a href='http:\/\/kunstunddesign-maschue.de\/cms\/wp-content\/uploads\/2013\/02\/JD8092771.jpg'><img width=\"150\" height=\"150\" src=\"http:\/\/kunstunddesign-maschue.de\/cms\/wp-content\/uploads\/2013\/02\/JD8092771-150x150.jpg\" class=\"attachment-thumbnail size-thumbnail\" alt=\"\" decoding=\"async\" loading=\"lazy\" \/><\/a>\n\t\t\t<\/dt><\/dl><br style=\"clear: both\" \/>\n\t\t<\/div>\n\n<h2>Zertifikate<\/h2>\n\n\t\t<style type=\"text\/css\">\n\t\t\t#gallery-2 {\n\t\t\t\tmargin: auto;\n\t\t\t}\n\t\t\t#gallery-2 .gallery-item {\n\t\t\t\tfloat: left;\n\t\t\t\tmargin-top: 10px;\n\t\t\t\ttext-align: center;\n\t\t\t\twidth: 11%;\n\t\t\t}\n\t\t\t#gallery-2 img {\n\t\t\t\tborder: 2px solid #cfcfcf;\n\t\t\t}\n\t\t\t#gallery-2 .gallery-caption {\n\t\t\t\tmargin-left: 0;\n\t\t\t}\n\t\t\t\/* see gallery_shortcode() in wp-includes\/media.php *\/\n\t\t<\/style>\n\t\t<div id='gallery-2' class='gallery galleryid-139 gallery-columns-9 gallery-size-thumbnail'><dl class='gallery-item'>\n\t\t\t<dt class='gallery-icon portrait'>\n\t\t\t\t<a href='http:\/\/kunstunddesign-maschue.de\/cms\/?attachment_id=4162'><img width=\"150\" height=\"150\" src=\"http:\/\/kunstunddesign-maschue.de\/cms\/wp-content\/uploads\/2023\/03\/Zertifikat-150x150.jpg\" class=\"attachment-thumbnail size-thumbnail\" alt=\"\" decoding=\"async\" aria-describedby=\"gallery-2-4162\" loading=\"lazy\" \/><\/a>\n\t\t\t<\/dt>\n\t\t\t\t<dd class='wp-caption-text gallery-caption' id='gallery-2-4162'>\n\t\t\t\tHirschaid 2023\n\t\t\t\t<\/dd><\/dl><dl class='gallery-item'>\n\t\t\t<dt class='gallery-icon portrait'>\n\t\t\t\t<a href='http:\/\/kunstunddesign-maschue.de\/cms\/?attachment_id=2875'><img width=\"150\" height=\"150\" src=\"http:\/\/kunstunddesign-maschue.de\/cms\/wp-content\/uploads\/2019\/03\/YOW-2019-150x150.jpg\" class=\"attachment-thumbnail size-thumbnail\" alt=\"\" decoding=\"async\" aria-describedby=\"gallery-2-2875\" loading=\"lazy\" \/><\/a>\n\t\t\t<\/dt>\n\t\t\t\t<dd class='wp-caption-text gallery-caption' id='gallery-2-2875'>\n\t\t\t\tWolnzach 2019\n\t\t\t\t<\/dd><\/dl><dl class='gallery-item'>\n\t\t\t<dt class='gallery-icon portrait'>\n\t\t\t\t<a href='http:\/\/kunstunddesign-maschue.de\/cms\/?attachment_id=2161'><img width=\"150\" height=\"150\" src=\"http:\/\/kunstunddesign-maschue.de\/cms\/wp-content\/uploads\/2013\/02\/VandermonZertifikat-150x150.jpg\" class=\"attachment-thumbnail size-thumbnail\" alt=\"\" decoding=\"async\" aria-describedby=\"gallery-2-2161\" loading=\"lazy\" \/><\/a>\n\t\t\t<\/dt>\n\t\t\t\t<dd class='wp-caption-text gallery-caption' id='gallery-2-2161'>\n\t\t\t\tSchweinfurt 2018\n\t\t\t\t<\/dd><\/dl><dl class='gallery-item'>\n\t\t\t<dt class='gallery-icon portrait'>\n\t\t\t\t<a href='http:\/\/kunstunddesign-maschue.de\/cms\/?attachment_id=2112'><img width=\"150\" height=\"150\" src=\"http:\/\/kunstunddesign-maschue.de\/cms\/wp-content\/uploads\/2013\/02\/img20180223_11543585-150x150.jpg\" class=\"attachment-thumbnail size-thumbnail\" alt=\"\" decoding=\"async\" aria-describedby=\"gallery-2-2112\" loading=\"lazy\" \/><\/a>\n\t\t\t<\/dt>\n\t\t\t\t<dd class='wp-caption-text gallery-caption' id='gallery-2-2112'>\n\t\t\t\tBerlin 2017\n\t\t\t\t<\/dd><\/dl><dl class='gallery-item'>\n\t\t\t<dt class='gallery-icon portrait'>\n\t\t\t\t<a href='http:\/\/kunstunddesign-maschue.de\/cms\/?attachment_id=1722'><img width=\"150\" height=\"150\" src=\"http:\/\/kunstunddesign-maschue.de\/cms\/wp-content\/uploads\/2013\/02\/IMG_20170220_142808-150x150.jpg\" class=\"attachment-thumbnail size-thumbnail\" alt=\"Berlin Februar 2017\" decoding=\"async\" aria-describedby=\"gallery-2-1722\" loading=\"lazy\" \/><\/a>\n\t\t\t<\/dt>\n\t\t\t\t<dd class='wp-caption-text gallery-caption' id='gallery-2-1722'>\n\t\t\t\tBerlin 2017\n\t\t\t\t<\/dd><\/dl><dl class='gallery-item'>\n\t\t\t<dt class='gallery-icon portrait'>\n\t\t\t\t<a href='http:\/\/kunstunddesign-maschue.de\/cms\/?attachment_id=1761'><img width=\"150\" height=\"150\" src=\"http:\/\/kunstunddesign-maschue.de\/cms\/wp-content\/uploads\/2013\/02\/IMG_20170211_132339-e1489994192381-150x150.jpg\" class=\"attachment-thumbnail size-thumbnail\" alt=\"\" decoding=\"async\" aria-describedby=\"gallery-2-1761\" loading=\"lazy\" \/><\/a>\n\t\t\t<\/dt>\n\t\t\t\t<dd class='wp-caption-text gallery-caption' id='gallery-2-1761'>\n\t\t\t\tJanuar 2017\n\t\t\t\t<\/dd><\/dl><dl class='gallery-item'>\n\t\t\t<dt class='gallery-icon portrait'>\n\t\t\t\t<a href='http:\/\/kunstunddesign-maschue.de\/cms\/?attachment_id=1684'><img width=\"150\" height=\"150\" src=\"http:\/\/kunstunddesign-maschue.de\/cms\/wp-content\/uploads\/2013\/02\/image-0-02-05-9b6af9a398e3d4994239ee0aab41386c07424acae0029637b37021e14696124e-V-150x150.jpg\" class=\"attachment-thumbnail size-thumbnail\" alt=\"Speyer 2016\" decoding=\"async\" aria-describedby=\"gallery-2-1684\" loading=\"lazy\" \/><\/a>\n\t\t\t<\/dt>\n\t\t\t\t<dd class='wp-caption-text gallery-caption' id='gallery-2-1684'>\n\t\t\t\tSpeyer 2016\n\t\t\t\t<\/dd><\/dl><dl class='gallery-item'>\n\t\t\t<dt class='gallery-icon portrait'>\n\t\t\t\t<a href='http:\/\/kunstunddesign-maschue.de\/cms\/?attachment_id=1508'><img width=\"150\" height=\"150\" src=\"http:\/\/kunstunddesign-maschue.de\/cms\/wp-content\/uploads\/2013\/02\/Custom-Painting-Techniken-150x150.jpg\" class=\"attachment-thumbnail size-thumbnail\" alt=\"\" decoding=\"async\" aria-describedby=\"gallery-2-1508\" loading=\"lazy\" \/><\/a>\n\t\t\t<\/dt>\n\t\t\t\t<dd class='wp-caption-text gallery-caption' id='gallery-2-1508'>\n\t\t\t\tDelbr\u00fcck 2016\n\t\t\t\t<\/dd><\/dl><dl class='gallery-item'>\n\t\t\t<dt class='gallery-icon portrait'>\n\t\t\t\t<a href='http:\/\/kunstunddesign-maschue.de\/cms\/?attachment_id=1364'><img width=\"150\" height=\"150\" src=\"http:\/\/kunstunddesign-maschue.de\/cms\/wp-content\/uploads\/2013\/02\/Zertifikat-Feuer-600-150x150.jpg\" class=\"attachment-thumbnail size-thumbnail\" alt=\"\" decoding=\"async\" aria-describedby=\"gallery-2-1364\" loading=\"lazy\" \/><\/a>\n\t\t\t<\/dt>\n\t\t\t\t<dd class='wp-caption-text gallery-caption' id='gallery-2-1364'>\n\t\t\t\tSchifferstadt 2015\n\t\t\t\t<\/dd><\/dl><br style=\"clear: both\" \/><dl class='gallery-item'>\n\t\t\t<dt class='gallery-icon portrait'>\n\t\t\t\t<a href='http:\/\/kunstunddesign-maschue.de\/cms\/?attachment_id=1063'><img width=\"150\" height=\"150\" src=\"http:\/\/kunstunddesign-maschue.de\/cms\/wp-content\/uploads\/2013\/02\/Zertifikat-Lars-001-e1436778461184-150x150.jpg\" class=\"attachment-thumbnail size-thumbnail\" alt=\"\" decoding=\"async\" aria-describedby=\"gallery-2-1063\" loading=\"lazy\" \/><\/a>\n\t\t\t<\/dt>\n\t\t\t\t<dd class='wp-caption-text gallery-caption' id='gallery-2-1063'>\n\t\t\t\tBerlin 2015\n\t\t\t\t<\/dd><\/dl><dl class='gallery-item'>\n\t\t\t<dt class='gallery-icon portrait'>\n\t\t\t\t<a href='http:\/\/kunstunddesign-maschue.de\/cms\/?attachment_id=1603'><img width=\"150\" height=\"150\" src=\"http:\/\/kunstunddesign-maschue.de\/cms\/wp-content\/uploads\/2013\/02\/IMG_20160921_123028-150x150.jpg\" class=\"attachment-thumbnail size-thumbnail\" alt=\"\" decoding=\"async\" aria-describedby=\"gallery-2-1603\" loading=\"lazy\" \/><\/a>\n\t\t\t<\/dt>\n\t\t\t\t<dd class='wp-caption-text gallery-caption' id='gallery-2-1603'>\n\t\t\t\tM\u00fcnster 2015\n\t\t\t\t<\/dd><\/dl><dl class='gallery-item'>\n\t\t\t<dt class='gallery-icon landscape'>\n\t\t\t\t<a href='http:\/\/kunstunddesign-maschue.de\/cms\/?attachment_id=1066'><img width=\"150\" height=\"150\" src=\"http:\/\/kunstunddesign-maschue.de\/cms\/wp-content\/uploads\/2013\/02\/Zertifikat-Marissa-001-e1436778663326-150x150.jpg\" class=\"attachment-thumbnail size-thumbnail\" alt=\"\" decoding=\"async\" aria-describedby=\"gallery-2-1066\" loading=\"lazy\" \/><\/a>\n\t\t\t<\/dt>\n\t\t\t\t<dd class='wp-caption-text gallery-caption' id='gallery-2-1066'>\n\t\t\t\tSchweinfurt 2014\n\t\t\t\t<\/dd><\/dl><dl class='gallery-item'>\n\t\t\t<dt class='gallery-icon portrait'>\n\t\t\t\t<a href='http:\/\/kunstunddesign-maschue.de\/cms\/?attachment_id=1604'><img width=\"150\" height=\"150\" src=\"http:\/\/kunstunddesign-maschue.de\/cms\/wp-content\/uploads\/2013\/02\/IMG_20160921_123111-150x150.jpg\" class=\"attachment-thumbnail size-thumbnail\" alt=\"\" decoding=\"async\" aria-describedby=\"gallery-2-1604\" loading=\"lazy\" \/><\/a>\n\t\t\t<\/dt>\n\t\t\t\t<dd class='wp-caption-text gallery-caption' id='gallery-2-1604'>\n\t\t\t\tM\u00fcnster 2014\n\t\t\t\t<\/dd><\/dl><dl class='gallery-item'>\n\t\t\t<dt class='gallery-icon portrait'>\n\t\t\t\t<a href='http:\/\/kunstunddesign-maschue.de\/cms\/?attachment_id=1062'><img width=\"150\" height=\"150\" src=\"http:\/\/kunstunddesign-maschue.de\/cms\/wp-content\/uploads\/2013\/02\/Zertifikat-Frank-001-e1436778262941-150x150.jpg\" class=\"attachment-thumbnail size-thumbnail\" alt=\"\" decoding=\"async\" aria-describedby=\"gallery-2-1062\" loading=\"lazy\" \/><\/a>\n\t\t\t<\/dt>\n\t\t\t\t<dd class='wp-caption-text gallery-caption' id='gallery-2-1062'>\n\t\t\t\tSchweinfurt 2013\n\t\t\t\t<\/dd><\/dl><dl class='gallery-item'>\n\t\t\t<dt class='gallery-icon portrait'>\n\t\t\t\t<a href='http:\/\/kunstunddesign-maschue.de\/cms\/?attachment_id=1069'><img width=\"150\" height=\"150\" src=\"http:\/\/kunstunddesign-maschue.de\/cms\/wp-content\/uploads\/2013\/02\/Zertifikat-Schminken-2-001-e1436779020845-150x150.jpg\" class=\"attachment-thumbnail size-thumbnail\" alt=\"\" decoding=\"async\" aria-describedby=\"gallery-2-1069\" loading=\"lazy\" \/><\/a>\n\t\t\t<\/dt>\n\t\t\t\t<dd class='wp-caption-text gallery-caption' id='gallery-2-1069'>\n\t\t\t\tDarmstadt 2010\n\t\t\t\t<\/dd><\/dl><dl class='gallery-item'>\n\t\t\t<dt class='gallery-icon portrait'>\n\t\t\t\t<a href='http:\/\/kunstunddesign-maschue.de\/cms\/?attachment_id=1070'><img width=\"150\" height=\"150\" src=\"http:\/\/kunstunddesign-maschue.de\/cms\/wp-content\/uploads\/2013\/02\/Zertifikat-Schminken1-001-e1436779087847-150x150.jpg\" class=\"attachment-thumbnail size-thumbnail\" alt=\"\" decoding=\"async\" aria-describedby=\"gallery-2-1070\" loading=\"lazy\" \/><\/a>\n\t\t\t<\/dt>\n\t\t\t\t<dd class='wp-caption-text gallery-caption' id='gallery-2-1070'>\n\t\t\t\tDarmstadt 2010\n\t\t\t\t<\/dd><\/dl>\n\t\t\t<br style='clear: both' \/>\n\t\t<\/div>\n\n<h2>\u00a0<\/h2>\n\n\n<div class=\"wp-block-group is-layout-flow wp-block-group-is-layout-flow\"><div class=\"wp-block-group__inner-container\">\n<figure class=\"wp-block-gallery has-nested-images columns-default is-cropped wp-block-gallery-1 is-layout-flex wp-block-gallery-is-layout-flex\"><\/figure>\n<\/div><\/div>\n\n\n\n<figure class=\"wp-block-gallery has-nested-images columns-default is-cropped wp-block-gallery-4 is-layout-flex wp-block-gallery-is-layout-flex\"><\/figure>\n","protected":false},"excerpt":{"rendered":"<p>Ende der 1970er Jahren erblickte ich das Licht der Welt. Nach erfolgreichem Schulabschlu\u00df erlernte ich den Beruf der Glas- und Keramikmalerin bei der Firma W. Goebel GmbH in R\u00f6dental. Als Jahrgangsbeste war ich mehrere Jahre in der Malerei, Spritzerei und &hellip; <a href=\"http:\/\/kunstunddesign-maschue.de\/cms\/?page_id=139\">Continue reading <span class=\"meta-nav\">&rarr;<\/span><\/a><\/p>\n","protected":false},"author":1,"featured_media":3275,"parent":0,"menu_order":0,"comment_status":"open","ping_status":"open","template":"","meta":{"footnotes":""},"_links":{"self":[{"href":"http:\/\/kunstunddesign-maschue.de\/cms\/index.php?rest_route=\/wp\/v2\/pages\/139"}],"collection":[{"href":"http:\/\/kunstunddesign-maschue.de\/cms\/index.php?rest_route=\/wp\/v2\/pages"}],"about":[{"href":"http:\/\/kunstunddesign-maschue.de\/cms\/index.php?rest_route=\/wp\/v2\/types\/page"}],"author":[{"embeddable":true,"href":"http:\/\/kunstunddesign-maschue.de\/cms\/index.php?rest_route=\/wp\/v2\/users\/1"}],"replies":[{"embeddable":true,"href":"http:\/\/kunstunddesign-maschue.de\/cms\/index.php?rest_route=%2Fwp%2Fv2%2Fcomments&post=139"}],"version-history":[{"count":194,"href":"http:\/\/kunstunddesign-maschue.de\/cms\/index.php?rest_route=\/wp\/v2\/pages\/139\/revisions"}],"predecessor-version":[{"id":4261,"href":"http:\/\/kunstunddesign-maschue.de\/cms\/index.php?rest_route=\/wp\/v2\/pages\/139\/revisions\/4261"}],"wp:featuredmedia":[{"embeddable":true,"href":"http:\/\/kunstunddesign-maschue.de\/cms\/index.php?rest_route=\/wp\/v2\/media\/3275"}],"wp:attachment":[{"href":"http:\/\/kunstunddesign-maschue.de\/cms\/index.php?rest_route=%2Fwp%2Fv2%2Fmedia&parent=139"}],"curies":[{"name":"wp","href":"https:\/\/api.w.org\/{rel}","templated":true}]}}